Is w(x) composite?
True
Suppose 2915614 + 1835730 = 28*c - 2334924. Is c a composite number?
False
Let y(q) be the second derivative of -139*q**5/10 - 3*q**4/8 - 11*q**3/6 - 12*q. Let n(c) be the second derivative of y(c). Is n(-2) a composite number?
True
Let c = 665813 - 178780. Is c composite?
True
Let q(j) = 2*j**2 - 5*j + 4. Let l be 6 - (18/(-6))/(3/(-3)). Let i be q(l). Suppose -i*x = 268 - 20925. Is x a prime number?
False
Let o be (-3)/(-6) - (-17)/(-2). Let b be (2 - 2)/(16/o). Suppose 5*p - 5*j - 595 = b, -5*p + j = 2*j - 619. Is p prime?
False
Let i be ((-36)/(-6))/(-6)*(-2 - 875). Suppose -100*v + i = -99*v. Is v prime?
True
Let m = 214579 + -44352. Is m prime?
True
Suppose 6*h - 18*h + 65760 = 0. Let k = h - 973. Is k composite?
False
Let v(o) = 3150*o**2 + 30*o + 77. Is v(-4) a prime number?
False
Let g(y) = -9687*y - 1360. Is g(-7) a prime number?
True
Let l(y) = -2*y**3 + 3*y**2. Let b be l(2). Is (-2272144)/(-84)*(-3)/b composite?
False
Let v be -1 + 2 - (-1 + -41212). Let h = -6967 - -6981. Suppose -14912 = -h*n + v. Is n prime?
False
Let z(k) = 1330*k - 126. Let r be z(7). Suppose -52498 = -6*q - r. Is q composite?
False
Suppose 0 = 3*n - 3*p - 643761, 3*p - 858362 = -13*n + 9*n. Is n a composite number?
False
Suppose -2*c - n + 6543 = c, -3*c = 5*n - 6519. Is c a composite number?
True
Suppose 5*r - 20 = r. Let l(i) = 9*i**2 - 4*i - 6. Let x be l(r). Suppose -s + x = -554. Is s a composite number?
True
Suppose -2*q + 5*q = 2*n + 53, -2*n + 5*q - 59 = 0. Let d(y) = -64*y - 155. Is d(n) a composite number?
True
Let p(x) be the first derivative of -9*x**4/4 - 7*x**3/3 - 7*x**2 - 17*x + 63. Is p(-6) a prime number?
True
Suppose 91*i = 19*i - 62*i + 130260462. Is i a composite number?
True
Suppose -i + 199*j = 200*j - 214201, -j = 3*i - 642603. Is i a composite number?
True
Let q = -11928 - -110197. Is q a composite number?
False
Is (81537/4)/((-246)/(-9512)) prime?
False
Let l(x) = -x**3 - 13*x**2 + 32*x - 1. Let o be l(-15). Let w be (2/6)/(o/(-465)). Suppose -5913 = -4*r - f, 10361 - 2951 = w*r + 5*f. Is r prime?
False
Let i = 233377 + -130280. Is i prime?
False
Let q(v) = 631*v + 71. Is q(2) composite?
True
Let t = -132980 - -190957. Is t a prime number?
True
Let d(v) = 27*v**3 - 8*v**2 + 9*v - 2. Let z be d(1). Suppose -z*o - 8678 = -80152. Is o prime?
True
Let g(l) = 1756*l - 3. Let t = -27 - -28. Let s be g(t). Suppose -531 = 2*k - s. Is k a composite number?
True
Let d be ((-5)/(-2))/(4/8). Suppose -4*l + 17410 = d*s, -3*s - 3*l + 2*l = -10446. Suppose 0 = -4*v + 2*t + s, -t = v - 0*t - 866. Is v a composite number?
True
Is ((-1)/(-3))/(14/(-2823177)*(-43)/86) a prime number?
True
Let s(o) = 229*o**2 + 16*o + 43. Let c(u) = 12*u - 52. Let l be c(4). Is s(l) composite?
False
Let k = -699421 + 1468382. Is k a prime number?
False
Suppose -76*y - 4941902 = -15510690. Is y a prime number?
False
Let z be (-29512)/31 - (2 - (1 - -5)). Let m = z + 3557. Is m prime?
True
Suppose 0 = 53*z - 6761040 - 9717667. Is z prime?
False
Let x(t) be the first derivative of 12970*t**3/3 - 3*t**2 - 15*t + 221. Is x(-2) prime?
False
Let c(u) = 20*u**2 - 11*u - 7. Let w = 1 + -4. Let b be (3/21 + w)/((-6)/21). Is c(b) a prime number?
False
Let p be (1*(-3)/9)/(8/(-192)). Suppose 14*a - 10014 = p*a. Is a composite?
False
Let j(y) = -6*y - 1. Let q be j(1). Let m be 4/2 - ((-35)/(-7) + q). Is (-1 - 2) + 18 + m a composite number?
False
Let d(b) = 5*b - 4. Let t(s) = -s + 1. Let v(k) = 2*d(k) + 9*t(k). Let x(r) = 42*r**3 + r**2 - r + 7. Let l(y) = 6*v(y) - x(y). Is l(-3) composite?
False
Suppose -d = -2*d + 3*m + 68750, -5*d + 343890 = 5*m. Is d a prime number?
True
Let n(p) = 476*p**2 - 10*p + 205. Is n(7) composite?
False
Let h = -2134333 + 5268084. Is h prime?
True
Suppose -52*l - 34657 - 9907 = 0. Suppose 0 = 5*q + 9786 - 66. Let y = l - q. Is y prime?
True
Is 24850 - (-9 + 6)*5 a prime number?
False
Suppose 207949 = 8*z - 248779. Is z composite?
True
Suppose 5*q + 3*p + 12 = 2504, q - 4*p - 503 = 0. Is q composite?
False
Suppose 0 = -0*v + 2*v + 22702. Let o be -1 + -4 + v + 21. Is -3*(-1)/((-15)/o) prime?
True
Let n(g) = 13987*g**2 - 89*g - 33. Is n(4) a prime number?
True
Let x(l) = -l**2 + 5*l + 7. Let p = 19 - 21. Let h be x(p). Is (-3 - h - 162)*-1 prime?
False
Let q be 4798/14 + (-20)/(-70). Suppose -140 = 3*y + 2*p, 4*y + 53 = 3*p - 111. Let z = y + q. Is z prime?
False
Let t(i) = 7*i**3 + 6*i**2 + 9*i + 7. Let y(v) = -v**3 + v**2 + v. Suppose 12*f + 60 = -3*f. Let d(o) = f*y(o) - t(o). Is d(-6) a prime number?
True
Suppose a + 717 = 1284 + 932. Is a prime?
True
Is 579702 + 6/(60/10)*5 a prime number?
True
Is 4/30 - 174109244/(-2820) a composite number?
True
Let y = -182 - -160. Is (-10534)/y + 10/55 prime?
True
Suppose 0 = 26*r - 225016 - 12390. Is r prime?
False
Suppose -4*o - 12 = -0*o - i, 5*o - 5*i = 0. Let q(r) = 168*r**2 - 6*r - 14. Let s be q(o). Suppose -5*f + 2667 = -s. Is f prime?
False
Let b be (-11)/(5 + -49) - (-2935)/4. Let q = -93 + b. Is q prime?
True
Suppose 3*c - 12286 - 58526 = -3*r, 5*r = -c + 23600. Is c a composite number?
True
Suppose -95137020 = -361*i - 35*i. Is i a prime number?
False
Suppose -731*d - 2169036 = -767*d. Is d composite?
False
Let v = -52690 + 1710. Is v/(-7) - 2/(-14) prime?
True
Suppose -41*o = -85086 - 121636. Is o composite?
True
Let o be 55/2*4444/10. Suppose 8*t + 717 = o. Is t composite?
True
Let j = -197 + 196. Is (3 - -3) + 1054 - (j - 0) composite?
False
Suppose -1238 = -c + 14*d + 42955, 0 = -4*c + 4*d + 177136. Is c prime?
False
Let l(j) = 1912*j - 13. Suppose -2*r + 113 = 107. Is l(r) a prime number?
False
Let b(l) = 56*l**2 - 12*l + 789. Is b(47) prime?
False
Is ((-18)/(36/64054))/(-3 - (-15)/6) a composite number?
True
Let h = 2213 + 165. Suppose 5*t - f = 12935 - h, -3*f - 8450 = -4*t. Is t a prime number?
True
Suppose 2*f - 7*f + 4*a + 60 = 0, -a = -f + 13. Let v be 2*(-4 - -3) + f*234. Suppose t + 5 = -0*t, 5*y = -5*t + v. Is y prime?
True
Let m(q) = -30678*q - 2725. Is m(-18) prime?
False
Let a(i) = 110*i**2 + i - 3. Let s = -77 - -80. Suppose -s*n - 4*t = -26, -9 = 2*n - 4*n - t. Is a(n) a composite number?
False
Let y(k) = 5*k + 79. Let i be y(-15). Suppose i*s + 2163 = 2*b + b, -708 = -b - 3*s. Is b a composite number?
True
Let p = -5801 - -21980. Is p prime?
False
Let b be (-498)/4*5/(-15)*14. Let o = b + -1084. Let i = 874 + o. Is i composite?
True
Let f = 267 + -561. Let m = f - -881. Is m a composite number?
False
Suppose 6*m - 4 = 5*m + 4*i, -4*m - 2 = 2*i. Suppose 4*f + 5*k = -m*k + 652, 815 = 5*f - 5*k. Is f a prime number?
True
Is ((-5)/140*22004)/(1/(-7)) a composite number?
False
Suppose 2*m + 5*b = -0*b + 41, 0 = -4*m + 4*b + 40. Suppose 10226 + 16463 = m*j. Is j a prime number?
True
Let p(y) = 15195*y**2 - 17*y + 67. Is p(3) composite?
True
Let u = 98038 + 122103. Is u prime?
True
Let m(a) = -2749*a + 141. Let d be m(19). Is (-2)/5*d/4 composite?
False
Let k be ((-3)/(-4))/((-42)/(-168)). Suppose 4*t + 2*s = 40302, -87*s = -k*t - 89*s + 30225. Is t prime?
False
Is (-56)/16*(-11786)/7 a composite number?
True
Let b = -11472 + 16916. Suppose 4*z + 5*d = 4*d + 10876, 0 = -2*z - 2*d + b. Let p = z - 1339. Is p a prime number?
False
Let s = -8 + 13. Let m be ((-10)/5)/((-2)/s). Suppose -v = d - 1661 + 157, m*v - 7514 = -3*d. Is v prime?
False
Suppose 8*l - 1921 = -10505. Let t = l - -2182. Is t prime?
True
Let j(y) = -5*y**3 + y**2 - 25*y + 19. Let n(w) = 4*w**3 - w**2 + 24*w - 20. Let k(d) = 3*j(d) + 4*n(d). Is k(16) prime?
True
Let c = 5 - 1. Suppose 3*n = 2*q - 49, 7*q + c*n = 4*q + 48. Suppose 0 = q*x - 16*x - 1964. Is x composite?
False
Let z be (-3)/3 + 1 - (-7 - -4). Suppose 2*m - p - 2239 = 0, 0 = z*m + m - p - 4477. Is m composite?
True
Let d be ((-30)/45)/(2/9). Is (d/4 - (-3)/4) + 295 composite?
True
Let y be -1*(-1*24 + 1). Let k(i) = -62*i - 50 + 148*i - 75*i. Is k(y) prime?
False
Let r(z) = z**3 + 10*z**2 - z - 7. Let c(m) = -m**3 + 12*m**2 - 2*m + 14. Let v be c(12). Let j be r(v). Is (j + -4)*-1331 + 0 + -2 a prime number?
False
Let f = 60 + -56. Suppose 0 = s - 0*u - 3*u - 78, -257 = -f*s + u. Let m = s - -1130. Is m a composite number?
False
Let j = -1961 - -3438. Let l = j + 1446. Is l a prime number?
False
Suppose -5*i - 40229 = -5*r - 195294